 = 364*v**2 + 4*v + 37. Let i be h(-4). Suppose -51*o + 56*o = i. Is o a composite number?
True
Let x = 275366 + -58372. Is x a prime number?
False
Let t(a) = -1359*a**3 - a - 2. Let m be ((-4)/(-12))/((-2)/(1 - -5)). Let f be t(m). Suppose -4*v - 3*y = -233 - 842, 5*v = y + f. Is v prime?
True
Suppose 5*j + 40617 = 3*g, -3*g - 58*j + 57*j = -40653. Is g a composite number?
True
Let z(q) be the third derivative of q**7/105 + q**6/360 + q**5/40 + q**4/24 + 2*q**3 - 14*q**2. Let f(k) be the first derivative of z(k). Is f(3) composite?
True
Let a be (29/116)/((-1)/(-20)). Is (5 - a)/10 + 0 + 18479 prime?
False
Let r(v) = -75*v - 242. Is r(-27) composite?
False
Let z(p) = 424123*p + 60. Is z(1) composite?
True
Suppose 0 = -f + 26005 + 262750. Is f a composite number?
True
Let m(c) = -562674*c + 2641. Is m(-1) composite?
True
Let a(k) = 954*k**2 + 12*k - 77. Let p be a(4). Suppose -5*u - l + 13315 = -12074, -3*u - l = -p. Is u prime?
True
Let v be -9*1*308/(-33). Is ((-23)/(-4))/(171/v - 2) composite?
True
Suppose -59783 = -2*f - d + 73999, -133766 = -2*f + 3*d. Is f composite?
False
Let z(i) = 16005*i. Let j be z(1). Suppose 2*p - 8343 - 4483 = -4*s, 3*p + j = 5*s. Is (s - 2) + 4 + -3 a prime number?
True
Let s(g) = 7202*g - 4287. Is s(40) a prime number?
True
Let j(m) = 373*m**3 - 2*m**2 - 8*m + 5. Is j(2) a prime number?
False
Suppose -3*y - 11697 = 5*z - 101453, 2*y + 2*z = 59836. Is y prime?
True
Suppose 0 = 3*n - 27, -3*c + 13*n = 12*n - 3864090. Is c composite?
False
Suppose -5*j + 5*d = -85, -2*j - 18 + 17 = 5*d. Let g be 56/12 + (-8)/j. Suppose -3*s + l + 1619 = 0, -2*s - 2*l - 1074 = -g*s. Is s prime?
True
Is 4220642/46 + (-20020)/644 + 31 prime?
True
Let y be (-1)/(-3) + -1 - (-15)/9. Let k(o) = 797*o - 1 + 4 - 489*o + 542*o. Is k(y) composite?
False
Suppose -b = -3, 0 = 4*u - 217*b + 222*b - 29411. Is u a prime number?
True
Suppose 3*a - 2*q = 455, 5*a + 3*q = -2*q + 725. Suppose -7*i + a = -124. Suppose -i*g - 3641 = -40*g. Is g a composite number?
True
Let t(m) = -m**2 + 27*m - 3. Suppose -58 = -3*z - 3*f + 5, 0 = 3*z - 5*f - 103. Suppose 0 = z*d - 25*d - 19. Is t(d) a prime number?
True
Let z be -1 + (15 - 4/1). Suppose z*d + 4*d = 21826. Is d prime?
True
Let h be (4/(-14))/((-17)/714). Suppose -h*k = -14*k + 2110. Is k composite?
True
Suppose -1656260 = -31*y + 3758629 + 11290360. Is y a composite number?
True
Let x = 4 - 2. Let s(k) = -23 + 19*k + 20 - 2. Is s(x) prime?
False
Suppose -2*c = 29*v - 32*v + 768351, 5*c = -2*v + 512234. Is v a composite number?
False
Suppose 0 = 2*m + 16, 632*s + 4*m = 629*s + 2317285. Is s prime?
True
Is 481742/3 + 205/(-123) prime?
True
Suppose -6*k = 6*k - 142548 - 126504. Is k composite?
True
Suppose 2*a - 11552 = 20*r - 19*r, 3*a = 5*r + 17307. Is a a prime number?
True
Is 4/14 + 14/(294/6803637) prime?
False
Let i(u) = 1120*u + 23. Suppose 2*r - 14 = -4*n, -n - 5*r + 17 = -9*r. Is i(n) a prime number?
True
Let l(g) = 97*g - 2224. Let n be l(23). Let c(z) = z. Let j(x) = 31*x**2 + 17*x - 25. Let a(i) = -6*c(i) + j(i). Is a(n) a composite number?
False
Suppose -4*p - 2*v + 29672 = 0, 4*p - 33254 = -4*v - 3586. Is p composite?
True
Suppose 5 = 3*f - 2*x + 12, 9 = -5*f + 4*x. Is (5 + -1 + f)*(1 + -9567) prime?
False
Suppose 0*g + 5*t + 496 = 4*g, 4*g - 3*t - 504 = 0. Let z = g - 194. Is 10/z - (-552)/39 a prime number?
False
Suppose -15*d + 1582799 = -5*d - 619371. Is d composite?
False
Suppose -o + 6*o = 15, -5*a + 4*o = -90543. Is a composite?
True
Let k = 85 + -82. Is (839/k)/((-6)/(-36)) composite?
True
Let a = -48031 + 71984. Is a prime?
False
Let x(f) = -f**3 - 8*f**2 - 65*f + 28. Let u be x(-27). Suppose -2*n - 39085 = -5*m, 2*n + u = 5*m - 3*m. Is m prime?
True
Suppose 2*k = 3*a - 131214, 3*k = 6*a - 11*a + 218690. Suppose 109363 = 5*i + 2*y, 2*i + 69*y - 70*y = a. Is i prime?
True
Is (((-975)/(-26))/(-25)*1)/(3/(-42934)) prime?
True
Suppose 3*g + 25 = 2*v, -2*v = -0*v + 2*g. Suppose 2*p = -4*s + 4*p + 22340, -27925 = -v*s + 4*p. Is s a composite number?
True
Suppose 3*u = 14*o + u - 1498728, -2*o + u + 214099 = 0. Is o composite?
False
Suppose 0 = 4*f - 5*l + 2539065, -l - 634782 = f + 3*l. Is f/(-216) - (-2)/8 prime?
True
Let u = 1037864 - 592495. Is u a composite number?
True
Let h(a) = a**2 + 10*a - 15. Let p be h(-12). Let i = -7 + p. Suppose i*w + z - 418 = 0, w - 4*z + 81 = 290. Is w prime?
False
Suppose 4*b + 0*b = 0. Let j be -10 + (-11)/(132/(-156)). Suppose b*k + 12633 = j*k. Is k a composite number?
False
Is (3 - 553/4)/((-9)/14004 - 0) a composite number?
True
Let s(t) = -3*t**3 + 7*t**2 + 4*t + 5. Let b = -38 + 42. Let h be s(b). Is 4 - (-4 + h)*1 a prime number?
True
Let n = -194389 + 335412. Is n a composite number?
False
Let c be 1 - 0 - 10*(-8)/16. Let g(l) = 47*l + 107. Is g(c) a composite number?
False
Let z(c) be the first derivative of c**4/4 - 2*c**3 - 2*c**2 + 14*c + 25. Let v be z(7). Suppose v*a = 33*a + 1678. Is a prime?
True
Let b(o) = o**3 + 61*o**2 + 842*o + 169. Is b(49) a composite number?
True
Is (2/(-3)*60638)/((-2156)/4851) a composite number?
True
Let u(r) = -4*r + 76. Let k be u(18). Suppose 4*b - o = 6744, 9*b - k*b + 3*o - 8413 = 0. Is b prime?
False
Let n = 10 + -11. Is ((-1)/n)/(76/325432) a prime number?
False
Suppose -2697 = -2*d - 5*z, -5*d + 2*z + 3029 + 3728 = 0. Let s = d + 609. Suppose 4*h = s + 1548. Is h a composite number?
False
Suppose 109*r - 18168655 = 24*r + 5268310. Is r prime?
True
Suppose -261*t = 139*t - 377268400. Is t prime?
False
Suppose 4*n + 204295 + 72560 = 5*m, 2*n + 276845 = 5*m. Suppose -5*k + 2*v = -m, -v - 14314 + 3240 = -k. Is k prime?
False
Suppose -7316*w + 637879 = -7305*w. Is w composite?
True
Suppose -6*d + 331 - 1087 = 0. Let c be -28*(0 + 2 + d/8). Suppose 0 = -3*q + 8*q - c. Is q a prime number?
False
Let d(x) = 40*x**2 + 23*x + 1464. Is d(-25) prime?
True
Suppose 349926 + 1111352 + 123026 = 16*q. Is q prime?
False
Let d(k) = 90*k + 68. Let x be d(10). Let h be (48/30)/(6/28665). Suppose h + x = 4*p. Is p composite?
False
Suppose -3*y - 1145 = 532. Let b = 1152 + y. Let m = b + -286. Is m a prime number?
True
Let k be -2 - -5 - (-1 - 4332). Suppose 5874 = 5*v - k. Let x = v - 1455. Is x composite?
False
Suppose -127*j = -109829264 - 77028249. Is j prime?
False
Is ((-9)/(-2))/(5490/16498060) prime?
True
Let l(q) = 2836*q - 6815. Is l(124) composite?
True
Let c(t) = -3*t - 32*t**2 + 5*t + 0*t + 1514*t**2 + 3*t - 15. Is c(2) prime?
True
Let g(x) = 7*x**3 - x - 1. Let c be g(-2). Let r = c - -51. Is -995*1/r*4 a composite number?
True
Let r = -67 + 15. Let u = -51 - r. Is 3 + (u - 3) - -1194 prime?
False
Let i(g) = 17*g**2 - 2*g + 13. Let h(v) = 3*v - 10. Let q be h(4). Suppose -5*r + 0*x - q*x - 14 = 0, -r - 1 = x. Is i(r) composite?
False
Suppose 4*h + 119549 - 357842 = -k, -k + 1 = 0. Suppose 0 = -4*c - 4*p + 79452, 0 = 3*c + 4*p - 9*p - h. Is c a composite number?
False
Suppose 7*c = -5*r + 5*c + 22983, -5*c = -2*r + 9170. Is r composite?
True
Let a be 4/(-24)*0 - (-2 - 1). Is 11939 - -5 - a - 1*-4 prime?
False
Suppose 24*l = -46399 + 2025367. Is l prime?
True
Let n = 910918 + -126417. Is n composite?
False
Is (8 - 0) + 103947 + (-9 - -36) prime?
False
Is (-12)/27 + ((-4)/(-30) - (-29549992)/360) composite?
True
Let j(i) = -1754*i + 167. Let z be j(-4). Let d = z - -10074. Is d prime?
True
Is (-57)/(-133) - (1 + 5/((-35)/1210409)) a composite number?
True
Is 19 + (-28 - -1) + (227018 - (-2 - -1)) a prime number?
True
Let g(w) = -w**3 - 5*w**2 + 11*w - 11. Let r be g(9). Let p(m) = 275*m + 8. Let d be p(9). Let u = d + r. Is u a prime number?
False
Suppose d - 4*w + 3375 - 18320 = 0, -5*w = 2*d - 29838. Suppose l = -2*h + d, 4*h = l + 11181 + 18662. Let p = h + -4941. Is p composite?
False
Let s(i) = -i**3 - 6*i**2 + 4. Let d be s(-6). Suppose -d = -4*m + 20. Suppose 0 = -a - l + 885, -4*a - m*l + 4*l + 3548 = 0. Is a prime?
False
Suppose 734829 - 925895 = -26*p + 1216964. Is p composite?
True
Suppose -3*d - 48 = 2*x, 0*x = -3*x - 4*d - 71. Suppose -35*s = -34*s + 687. Is (-2)/(-7) + s/x prime?
False
Let p be 16517/(-4) - (-6)/24. Let n = 13825 + p. Suppose 0 = -7*s + n - 2801. Is s prime?
False
Let z(y) = -y**2 + 21*y + 220. Is z(18) a prime number?
False
Let k(f) = -2222*f - 2743. Is k(-21) a prime number?
Fa